?
23
What is the highest common factor of 12 and 1998?
6
Calculate the greatest common factor of 1431 and 54.
27
What is the greatest common factor of 159 and 1060?
53
What is the highest common divisor of 4 and 52?
4
What is the highest common divisor of 57 and 38?
19
What is the greatest common factor of 126 and 224?
14
Calculate the highest common factor of 182 and 234.
26
What is the greatest common factor of 49 and 5?
1
What is the highest common factor of 39 and 6513?
39
What is the greatest common divisor of 56 and 868?
28
Calculate the greatest common factor of 4155 and 30.
15
Calculate the highest common factor of 234 and 90.
18
What is the greatest common divisor of 126 and 336?
42
Calculate the greatest common factor of 98 and 539.
49
What is the highest common divisor of 11759 and 44?
11
Calculate the highest common divisor of 134 and 67.
67
Calculate the highest common factor of 1357 and 236.
59
What is the greatest common factor of 8729 and 29?
29
Calculate the greatest common divisor of 45 and 81.
9
What is the highest common divisor of 4332 and 24?
12
Calculate the highest common factor of 20 and 95.
5
What is the highest common divisor of 819 and 2093?
91
Calculate the greatest common divisor of 851 and 943.
23
Calculate the highest common divisor of 17 and 289.
17
What is the greatest common divisor of 16 and 9320?
8
What is the highest common divisor of 54 and 30222?
18
Calculate the highest common divisor of 288 and 162.
18
Calculate the greatest common factor of 7 and 1757.
7
Calculate the greatest common divisor of 9211 and 61.
61
Calculate the highest common divisor of 154 and 2387.
77
What is the highest common divisor of 64 and 216?
8
What is the highest common factor of 5 and 2025?
5
Calculate the greatest common factor of 45 and 81.
9
Calculate the greatest common divisor of 1079 and 13.
13
Calculate the highest common divisor of 5846 and 2.
2
What is the highest common factor of 119 and 391?
17
Calculate the highest common factor of 9 and 1251.
9
What is the highest common factor of 23 and 21344?
23
What is the highest common divisor of 9 and 225?
9
What is the highest common factor of 15 and 145?
5
Calculate the greatest common divisor of 304 and 16.
16
What is the greatest common factor of 47 and 1927?
47
Calculate the highest common divisor of 513 and 108.
27
What is the highest common factor of 110 and 610?
10
What is the greatest common divisor of 1524 and 6?
6
What is the highest common factor of 364 and 3874?
26
Calculate the highest common factor of 23 and 1909.
23
Calculate the highest common divisor of 124 and 80228.
124
Calculate the greatest common factor of 6 and 9.
3
Calculate the highest common divisor of 102 and 594.
6
Calculate the highest common factor of 71 and 11928.
71
What is the greatest common factor of 209 and 33?
11
Calculate the greatest common factor of 8 and 392.
8
What is the highest common factor of 118 and 531?
59
Calculate the highest common divisor of 140 and 476.
28
What is the greatest common divisor of 1036 and 476?
28
Calculate the greatest common factor of 2508 and 132.
132
Calculate the greatest common factor of 51538 and 73.
73
Calculate the greatest common divisor of 6223 and 98.
49
Calculate the highest common divisor of 2418 and 91.
13
What is the highest common factor of 51 and 18717?
51
What is the highest common factor of 52 and 9412?
52
What is the highest common divisor of 9 and 1503?
9
What is the highest common divisor of 75 and 50?
25
Calculate the highest common divisor of 16 and 508.
4
What is the greatest common divisor of 36 and 11124?
36
Calculate the greatest common factor of 25296 and 93.
93
What is the greatest common factor of 364 and 65?
13
Calculate the highest common divisor of 6100 and 100.
100
Calculate the greatest common divisor of 105 and 1185.
15
Calculate the highest common factor of 585 and 2405.
65
Calculate the greatest common factor of 14931 and 189.
189
Calculate the highest common factor of 42856 and 176.
88
Calculate the highest common factor of 6313 and 767.
59
What is the highest common factor of 957 and 348?
87
What is the highest common divisor of 4 and 697?
1
What is the greatest common divisor of 9387 and 126?
63
What is the highest common factor of 2112 and 132?
132
Calculate the greatest common factor of 414 and 36.
18
Calculate the highest common factor of 175 and 28.
7
What is the greatest common factor of 99 and 1683?
99
What is the highest common factor of 15897 and 21?
21
What is the highest common factor of 217 and 527?
31
What is the highest common divisor of 430 and 80?
10
What is the greatest common factor of 253 and 69?
23
Calculate the highest common factor of 98 and 77.
7
Calculate the greatest common divisor of 7 and 112.
7
Calculate the highest common factor of 168 and 126.
42
Calculate the highest common divisor of 23405 and 93.
31
What is the greatest common divisor of 4 and 356?
4
Calculate the highest common divisor of 4 and 728.
4
Calculate the highest common divisor of 41279 and 7.
7
Calculate the highest common divisor of 48 and 816.
48
Calculate the highest common factor of 4 and 5.
1
What is the highest common divisor of 2871 and 297?
99
Calculate the greatest common factor of 1484 and 868.
28
What is the highest common divisor of 1560 and 12?
12
What is the greatest common factor of 78 and 7800?
78
Calculate the highest common divisor of 15 and 7915.
5
Calculate the greatest common factor of 3 and 75.
3
What is the greatest common divisor of 111 and 3?
3
What is the highest common divisor of 1711 and 551?
29
Calculate the highest common divisor of 113 and 2.
1
Calculate the highest common factor of 4350 and 150.
150
Calculate the greatest common factor of 806 and 52.
26
Calculate the highest common factor of 2945 and 95.
95
What is the greatest common factor of 276 and 18262?
46
Calculate the highest common divisor of 183 and 1403.
61
Calculate the highest common factor of 16237 and 26.
13
What is the greatest common divisor of 123 and 4100?
41
Calculate the greatest common divisor of 14 and 4844.
14
Calculate the highest common divisor of 60 and 4540.
20
What is the highest common divisor of 54 and 108?
54
Calculate the greatest common divisor of 2 and 30.
2
What is the highest common divisor of 7 and 2219?
7
What is the highest common factor of 49250 and 250?
250
What is the greatest common divisor of 1700 and 68?
68
What is the highest common divisor of 48 and 492?
12
What is the greatest common factor of 207 and 2691?
207
Calculate the greatest common factor of 20 and 3708.
4
What is the greatest common divisor of 20 and 8830?
10
What is the greatest common factor of 2299 and 4807?
209
Calculate the highest common factor of 1312 and 544.
32
Calculate the greatest common divisor of 3355 and 121.
11
Calculate the highest common divisor of 6674 and 1278.
142
What is the greatest common factor of 62 and 1426?
62
What is the highest common factor of 30 and 110?
10
Calculate the highest common factor of 1112 and 128.
8
Calculate the greatest common divisor of 30 and 138.
6
What is the greatest common factor of 304 and 57?
19
What is the highest common divisor of 1180 and 30?
10
Calculate the highest common divisor of 584 and 8.
8
What is the highest common divisor of 79 and 3?
1
What is the greatest common factor of 817 and 4?
1
Calculate the highest common divisor of 722 and 323.
19
Calculate the greatest common divisor of 15 and 135.
15
What is the highest common factor of 3855 and 15?
15
What is the highest common divisor of 17 and 493?
17
Calculate the greatest common factor of 576 and 108.
36
Calculate the greatest common divisor of 408 and 4728.
24
Calculate the greatest common factor of 143 and 104.
13
What is the highest common divisor of 448 and 144?
16
What is the greatest common factor of 104 and 6266?
26
Calculate the greatest common divisor of 280 and 7910.
70
What is the highest common factor of 445 and 5?
5
Calculate the greatest common divisor of 27 and 243.
27
Calculate the greatest common factor of 37048 and 11.
11
What is the greatest common factor of 123 and 246?
123
Calculate the highest common factor of 160 and 60.
20
What is the greatest common factor of 7865 and 65?
65
Calculate th